{"id":23,"date":"2024-01-14T13:41:31","date_gmt":"2024-01-14T12:41:31","guid":{"rendered":"http:\/\/foerderverein-zwieseltal-grundschule.de\/?page_id=23"},"modified":"2024-03-11T14:47:46","modified_gmt":"2024-03-11T13:47:46","slug":"der-spendenlauf","status":"publish","type":"page","link":"https:\/\/foerderverein-zwieseltal-grundschule.de\/?page_id=23","title":{"rendered":"Der Spendenlauf"},"content":{"rendered":"\n<p>Im regelm\u00e4\u00dfigen Turnus veranstaltet die Zwieseltal-Grundschule einen Spendenlauf. Der Ablauf dieses Events ist schnell erkl\u00e4rt: die Kinder suchen im privaten Umfeld Spendenwillige, die sie unterst\u00fctzen. Diese freiwilligen Spender treffen eine Zusage, dass sie einen bestimmten Betrag pro gelaufenen Kilometer des Kindes spenden werden. Am 12. Juli 2024 findet in der Zeit von 09:25 bis 11:10 Uhr der Spendenlauf f\u00fcr die gesamte Schule statt. Hier laufen die Kinder in einer abgegrenzten Strecke zwischen Therapiezentrum und Heroldsberg Runden in der L\u00e4nge von 1 km. Die gelaufenen Kilometer werden mit dem zugesagten Betrag multipliziert und ergeben so den jeweiligen Spendenbetrag.<\/p>\n\n\n\n<p><\/p>\n\n\n\n<h3 class=\"wp-block-heading\">Suche nach dem perfekten Projekt<\/h3>\n\n\n\n<p>Dieses gro\u00dfartige Event f\u00fcr unsere Schulfamilie hat auch noch einen tollen finanziellen Nebeneffekt. Die erlaufene Spendensumme wird aufgeteilt und 50 % des Gesamtbetrags verbleiben beim F\u00f6rderverein der Zwieseltal-Grundschule. Die zweite H\u00e4lfte der Gesamteinnahmen spenden wir an eine gemeinn\u00fctzige Einrichtung. Hierbei brauchen wir IHRE Hilfe! Wir suchen eine oder mehrere <strong><u>regionale Einrichtun<\/u><span style=\"text-decoration: underline;\"><u>g<\/u>en<\/span><\/strong>, die sich <strong><u>f\u00fcr das Wohl von Kindern einsetzen<\/u><\/strong>. Es kann sich um Einrichtungen handeln, die kranke Kinder und deren Familien unterst\u00fctzten oder aber auch um Einrichtungen, die tolle Projekte und Aktionen mit Kindern veranstalten. Hier gibt es keinerlei Vorgaben und wir freuen uns \u00fcber jede Idee!<\/p>\n\n\n\n<div class=\"wp-block-buttons is-content-justification-center is-layout-flex wp-container-core-buttons-is-layout-16018d1d wp-block-buttons-is-layout-flex\">\n<div class=\"wp-block-button\"><a class=\"wp-block-button__link wp-element-button\" href=\"https:\/\/foerderverein-zwieseltal-grundschule.de\/?page_id=388\" target=\"_blank\" rel=\"noreferrer noopener\">Das perfekte Projekt<\/a><\/div>\n<\/div>\n\n\n\n<h3 class=\"wp-block-heading\">Schulpaten<\/h3>\n\n\n\n<p>Eine weitere Neuerung wird es dieses Jahr geben: <strong>WERDEN SIE SCHULPATE<\/strong>! Wir freuen uns \u00fcber Unterst\u00fctzer, die per Spendenangebot die Leistung der gesamten Schule unterst\u00fctzen oder aber auch einen bestimmten Betrag beitragen m\u00f6chten.<\/p>\n\n\n\n<div class=\"wp-block-buttons is-content-justification-center is-layout-flex wp-container-core-buttons-is-layout-16018d1d wp-block-buttons-is-layout-flex\">\n<div class=\"wp-block-button\"><a class=\"wp-block-button__link wp-element-button\" href=\"https:\/\/foerderverein-zwieseltal-grundschule.de\/?page_id=391\" target=\"_blank\" rel=\"noreferrer noopener\">Wir machen mit!<\/a><\/div>\n<\/div>\n","protected":false},"excerpt":{"rendered":"<p>Im regelm\u00e4\u00dfigen Turnus veranstaltet die Zwieseltal-Grundschule einen Spendenlauf. Der Ablauf dieses Events ist schnell erkl\u00e4rt: die Kinder suchen im privaten Umfeld Spendenwillige, die sie unterst\u00fctzen. [&hellip;]<\/p>\n","protected":false},"author":1,"featured_media":323,"parent":0,"menu_order":0,"comment_status":"closed","ping_status":"closed","template":"","meta":{"footnotes":""},"class_list":["post-23","page","type-page","status-publish","has-post-thumbnail","hentry"],"yoast_head":"<!-- This site is optimized with the Yoast SEO plugin v23.4 - https:\/\/yoast.com\/wordpress\/plugins\/seo\/ -->\n<title>Der Spendenlauf - F\u00f6rderverein der Zwieseltal-Grundschule Schwabach eV<\/title>\n<meta name=\"robots\" content=\"index, follow, max-snippet:-1, max-image-preview:large, max-video-preview:-1\" \/>\n<link rel=\"canonical\" href=\"https:\/\/foerderverein-zwieseltal-grundschule.de\/?page_id=23\" \/>\n<meta property=\"og:locale\" content=\"de_DE\" \/>\n<meta property=\"og:type\" content=\"article\" \/>\n<meta property=\"og:title\" content=\"Der Spendenlauf - F\u00f6rderverein der Zwieseltal-Grundschule Schwabach eV\" \/>\n<meta property=\"og:description\" content=\"Im regelm\u00e4\u00dfigen Turnus veranstaltet die Zwieseltal-Grundschule einen Spendenlauf. Der Ablauf dieses Events ist schnell erkl\u00e4rt: die Kinder suchen im privaten Umfeld Spendenwillige, die sie unterst\u00fctzen. [&hellip;]\" \/>\n<meta property=\"og:url\" content=\"https:\/\/foerderverein-zwieseltal-grundschule.de\/?page_id=23\" \/>\n<meta property=\"og:site_name\" content=\"F\u00f6rderverein der Zwieseltal-Grundschule Schwabach eV\" \/>\n<meta property=\"article:modified_time\" content=\"2024-03-11T13:47:46+00:00\" \/>\n<meta property=\"og:image\" content=\"https:\/\/foerderverein-zwieseltal-grundschule.de\/wp-content\/uploads\/2024\/01\/IMG_8594-scaled.jpeg\" \/>\n\t<meta property=\"og:image:width\" content=\"1440\" \/>\n\t<meta property=\"og:image:height\" content=\"2560\" \/>\n\t<meta property=\"og:image:type\" content=\"image\/jpeg\" \/>\n<meta name=\"twitter:card\" content=\"summary_large_image\" \/>\n<meta name=\"twitter:label1\" content=\"Gesch\u00e4tzte Lesezeit\" \/>\n\t<meta name=\"twitter:data1\" content=\"1\u00a0Minute\" \/>\n<script type=\"application\/ld+json\" class=\"yoast-schema-graph\">{\"@context\":\"https:\/\/schema.org\",\"@graph\":[{\"@type\":\"WebPage\",\"@id\":\"https:\/\/foerderverein-zwieseltal-grundschule.de\/?page_id=23\",\"url\":\"https:\/\/foerderverein-zwieseltal-grundschule.de\/?page_id=23\",\"name\":\"Der Spendenlauf - F\u00f6rderverein der Zwieseltal-Grundschule Schwabach eV\",\"isPartOf\":{\"@id\":\"https:\/\/foerderverein-zwieseltal-grundschule.de\/#website\"},\"primaryImageOfPage\":{\"@id\":\"https:\/\/foerderverein-zwieseltal-grundschule.de\/?page_id=23#primaryimage\"},\"image\":{\"@id\":\"https:\/\/foerderverein-zwieseltal-grundschule.de\/?page_id=23#primaryimage\"},\"thumbnailUrl\":\"https:\/\/foerderverein-zwieseltal-grundschule.de\/wp-content\/uploads\/2024\/01\/IMG_8594-scaled.jpeg\",\"datePublished\":\"2024-01-14T12:41:31+00:00\",\"dateModified\":\"2024-03-11T13:47:46+00:00\",\"breadcrumb\":{\"@id\":\"https:\/\/foerderverein-zwieseltal-grundschule.de\/?page_id=23#breadcrumb\"},\"inLanguage\":\"de\",\"potentialAction\":[{\"@type\":\"ReadAction\",\"target\":[\"https:\/\/foerderverein-zwieseltal-grundschule.de\/?page_id=23\"]}]},{\"@type\":\"ImageObject\",\"inLanguage\":\"de\",\"@id\":\"https:\/\/foerderverein-zwieseltal-grundschule.de\/?page_id=23#primaryimage\",\"url\":\"https:\/\/foerderverein-zwieseltal-grundschule.de\/wp-content\/uploads\/2024\/01\/IMG_8594-scaled.jpeg\",\"contentUrl\":\"https:\/\/foerderverein-zwieseltal-grundschule.de\/wp-content\/uploads\/2024\/01\/IMG_8594-scaled.jpeg\",\"width\":1440,\"height\":2560},{\"@type\":\"BreadcrumbList\",\"@id\":\"https:\/\/foerderverein-zwieseltal-grundschule.de\/?page_id=23#breadcrumb\",\"itemListElement\":[{\"@type\":\"ListItem\",\"position\":1,\"name\":\"Startseite\",\"item\":\"https:\/\/foerderverein-zwieseltal-grundschule.de\/\"},{\"@type\":\"ListItem\",\"position\":2,\"name\":\"Der Spendenlauf\"}]},{\"@type\":\"WebSite\",\"@id\":\"https:\/\/foerderverein-zwieseltal-grundschule.de\/#website\",\"url\":\"https:\/\/foerderverein-zwieseltal-grundschule.de\/\",\"name\":\"F\u00f6rderverein der Zwieseltal-Grundschule Schwabach eV\",\"description\":\"\",\"publisher\":{\"@id\":\"https:\/\/foerderverein-zwieseltal-grundschule.de\/#organization\"},\"potentialAction\":[{\"@type\":\"SearchAction\",\"target\":{\"@type\":\"EntryPoint\",\"urlTemplate\":\"https:\/\/foerderverein-zwieseltal-grundschule.de\/?s={search_term_string}\"},\"query-input\":{\"@type\":\"PropertyValueSpecification\",\"valueRequired\":true,\"valueName\":\"search_term_string\"}}],\"inLanguage\":\"de\"},{\"@type\":\"Organization\",\"@id\":\"https:\/\/foerderverein-zwieseltal-grundschule.de\/#organization\",\"name\":\"F\u00f6rderverein der Zwieseltal-Grundschule Schwabach eV\",\"url\":\"https:\/\/foerderverein-zwieseltal-grundschule.de\/\",\"logo\":{\"@type\":\"ImageObject\",\"inLanguage\":\"de\",\"@id\":\"https:\/\/foerderverein-zwieseltal-grundschule.de\/#\/schema\/logo\/image\/\",\"url\":\"https:\/\/foerderverein-zwieseltal-grundschule.de\/wp-content\/uploads\/2024\/01\/Logo-Foerderverein-ohne-Text.jpg\",\"contentUrl\":\"https:\/\/foerderverein-zwieseltal-grundschule.de\/wp-content\/uploads\/2024\/01\/Logo-Foerderverein-ohne-Text.jpg\",\"width\":332,\"height\":166,\"caption\":\"F\u00f6rderverein der Zwieseltal-Grundschule Schwabach eV\"},\"image\":{\"@id\":\"https:\/\/foerderverein-zwieseltal-grundschule.de\/#\/schema\/logo\/image\/\"}}]}<\/script>\n<!-- \/ Yoast SEO plugin. -->","yoast_head_json":{"title":"Der Spendenlauf - F\u00f6rderverein der Zwieseltal-Grundschule Schwabach eV","robots":{"index":"index","follow":"follow","max-snippet":"max-snippet:-1","max-image-preview":"max-image-preview:large","max-video-preview":"max-video-preview:-1"},"canonical":"https:\/\/foerderverein-zwieseltal-grundschule.de\/?page_id=23","og_locale":"de_DE","og_type":"article","og_title":"Der Spendenlauf - F\u00f6rderverein der Zwieseltal-Grundschule Schwabach eV","og_description":"Im regelm\u00e4\u00dfigen Turnus veranstaltet die Zwieseltal-Grundschule einen Spendenlauf. Der Ablauf dieses Events ist schnell erkl\u00e4rt: die Kinder suchen im privaten Umfeld Spendenwillige, die sie unterst\u00fctzen. [&hellip;]","og_url":"https:\/\/foerderverein-zwieseltal-grundschule.de\/?page_id=23","og_site_name":"F\u00f6rderverein der Zwieseltal-Grundschule Schwabach eV","article_modified_time":"2024-03-11T13:47:46+00:00","og_image":[{"width":1440,"height":2560,"url":"https:\/\/foerderverein-zwieseltal-grundschule.de\/wp-content\/uploads\/2024\/01\/IMG_8594-scaled.jpeg","type":"image\/jpeg"}],"twitter_card":"summary_large_image","twitter_misc":{"Gesch\u00e4tzte Lesezeit":"1\u00a0Minute"},"schema":{"@context":"https:\/\/schema.org","@graph":[{"@type":"WebPage","@id":"https:\/\/foerderverein-zwieseltal-grundschule.de\/?page_id=23","url":"https:\/\/foerderverein-zwieseltal-grundschule.de\/?page_id=23","name":"Der Spendenlauf - F\u00f6rderverein der Zwieseltal-Grundschule Schwabach eV","isPartOf":{"@id":"https:\/\/foerderverein-zwieseltal-grundschule.de\/#website"},"primaryImageOfPage":{"@id":"https:\/\/foerderverein-zwieseltal-grundschule.de\/?page_id=23#primaryimage"},"image":{"@id":"https:\/\/foerderverein-zwieseltal-grundschule.de\/?page_id=23#primaryimage"},"thumbnailUrl":"https:\/\/foerderverein-zwieseltal-grundschule.de\/wp-content\/uploads\/2024\/01\/IMG_8594-scaled.jpeg","datePublished":"2024-01-14T12:41:31+00:00","dateModified":"2024-03-11T13:47:46+00:00","breadcrumb":{"@id":"https:\/\/foerderverein-zwieseltal-grundschule.de\/?page_id=23#breadcrumb"},"inLanguage":"de","potentialAction":[{"@type":"ReadAction","target":["https:\/\/foerderverein-zwieseltal-grundschule.de\/?page_id=23"]}]},{"@type":"ImageObject","inLanguage":"de","@id":"https:\/\/foerderverein-zwieseltal-grundschule.de\/?page_id=23#primaryimage","url":"https:\/\/foerderverein-zwieseltal-grundschule.de\/wp-content\/uploads\/2024\/01\/IMG_8594-scaled.jpeg","contentUrl":"https:\/\/foerderverein-zwieseltal-grundschule.de\/wp-content\/uploads\/2024\/01\/IMG_8594-scaled.jpeg","width":1440,"height":2560},{"@type":"BreadcrumbList","@id":"https:\/\/foerderverein-zwieseltal-grundschule.de\/?page_id=23#breadcrumb","itemListElement":[{"@type":"ListItem","position":1,"name":"Startseite","item":"https:\/\/foerderverein-zwieseltal-grundschule.de\/"},{"@type":"ListItem","position":2,"name":"Der Spendenlauf"}]},{"@type":"WebSite","@id":"https:\/\/foerderverein-zwieseltal-grundschule.de\/#website","url":"https:\/\/foerderverein-zwieseltal-grundschule.de\/","name":"F\u00f6rderverein der Zwieseltal-Grundschule Schwabach eV","description":"","publisher":{"@id":"https:\/\/foerderverein-zwieseltal-grundschule.de\/#organization"},"potentialAction":[{"@type":"SearchAction","target":{"@type":"EntryPoint","urlTemplate":"https:\/\/foerderverein-zwieseltal-grundschule.de\/?s={search_term_string}"},"query-input":{"@type":"PropertyValueSpecification","valueRequired":true,"valueName":"search_term_string"}}],"inLanguage":"de"},{"@type":"Organization","@id":"https:\/\/foerderverein-zwieseltal-grundschule.de\/#organization","name":"F\u00f6rderverein der Zwieseltal-Grundschule Schwabach eV","url":"https:\/\/foerderverein-zwieseltal-grundschule.de\/","logo":{"@type":"ImageObject","inLanguage":"de","@id":"https:\/\/foerderverein-zwieseltal-grundschule.de\/#\/schema\/logo\/image\/","url":"https:\/\/foerderverein-zwieseltal-grundschule.de\/wp-content\/uploads\/2024\/01\/Logo-Foerderverein-ohne-Text.jpg","contentUrl":"https:\/\/foerderverein-zwieseltal-grundschule.de\/wp-content\/uploads\/2024\/01\/Logo-Foerderverein-ohne-Text.jpg","width":332,"height":166,"caption":"F\u00f6rderverein der Zwieseltal-Grundschule Schwabach eV"},"image":{"@id":"https:\/\/foerderverein-zwieseltal-grundschule.de\/#\/schema\/logo\/image\/"}}]}},"jetpack_sharing_enabled":true,"_links":{"self":[{"href":"https:\/\/foerderverein-zwieseltal-grundschule.de\/index.php?rest_route=\/wp\/v2\/pages\/23","targetHints":{"allow":["GET"]}}],"collection":[{"href":"https:\/\/foerderverein-zwieseltal-grundschule.de\/index.php?rest_route=\/wp\/v2\/pages"}],"about":[{"href":"https:\/\/foerderverein-zwieseltal-grundschule.de\/index.php?rest_route=\/wp\/v2\/types\/page"}],"author":[{"embeddable":true,"href":"https:\/\/foerderverein-zwieseltal-grundschule.de\/index.php?rest_route=\/wp\/v2\/users\/1"}],"replies":[{"embeddable":true,"href":"https:\/\/foerderverein-zwieseltal-grundschule.de\/index.php?rest_route=%2Fwp%2Fv2%2Fcomments&post=23"}],"version-history":[{"count":9,"href":"https:\/\/foerderverein-zwieseltal-grundschule.de\/index.php?rest_route=\/wp\/v2\/pages\/23\/revisions"}],"predecessor-version":[{"id":410,"href":"https:\/\/foerderverein-zwieseltal-grundschule.de\/index.php?rest_route=\/wp\/v2\/pages\/23\/revisions\/410"}],"wp:featuredmedia":[{"embeddable":true,"href":"https:\/\/foerderverein-zwieseltal-grundschule.de\/index.php?rest_route=\/wp\/v2\/media\/323"}],"wp:attachment":[{"href":"https:\/\/foerderverein-zwieseltal-grundschule.de\/index.php?rest_route=%2Fwp%2Fv2%2Fmedia&parent=23"}],"curies":[{"name":"wp","href":"https:\/\/api.w.org\/{rel}","templated":true}]}}