{"id":291,"date":"2024-01-14T19:02:49","date_gmt":"2024-01-14T18:02:49","guid":{"rendered":"http:\/\/foerderverein-zwieseltal-grundschule.de\/?page_id=291"},"modified":"2024-01-31T08:25:32","modified_gmt":"2024-01-31T07:25:32","slug":"die-spenden","status":"publish","type":"page","link":"https:\/\/foerderverein-zwieseltal-grundschule.de\/?page_id=291","title":{"rendered":"Die Spenden"},"content":{"rendered":"\n<p>Neben der St\u00e4rkung des Zusammenhalts unserer Schulfamilie, was wir u.a. mit dem Kursprogramm umsetzen, ist die finanzielle Unterst\u00fctzung unserer Schule und insbesondere des Schulalltags unserer Kinder ein starkes Bed\u00fcrfnis. Dort, wo \u00f6ffentliche Mittel aufgrund Paragraphen und Regelungen gar nicht oder nur sehr, sehr langsam flie\u00dfen k\u00f6nnen, sind wir zur Stelle. Wir pr\u00fcfen dabei bei jeder Ma\u00dfnahme, dass es der Gesamtheit der Sch\u00fclerschaft zugutekommt. So haben wir Jahr f\u00fcr Jahr gro\u00dfe Freude daran, musikalisch-k\u00fcnstlerische Workshops, an Spielmaterial f\u00fcr den Pausenhof oder aber Theater-Auff\u00fchrungen f\u00fcr die Kinder zu finanzieren.<\/p>\n\n\n\n<p>Bislang einzigartig und herausragend war die M\u00f6glichkeit, den Schulalltag im medialen Unterricht auf den f\u00fcr uns wichtigen und notwendigen Stand zu heben. \u00dcber die vergangenen Jahre konnten knapp 140 der an der Schule 180 verf\u00fcgbaren Tabletts durch Spenden \u00fcber den F\u00f6rderverein finanziert werden. Spenden, die wir von tollen Eltern, Stiftungen und Firmen erhalten haben. Nur durch diese Ausstattungsquantit\u00e4t kann das Lehrpersonal an unserer Schule planbar und situativ auf die Ger\u00e4te zugreifen. Von der ersten bis zur vierten Klasse. Das hat sicherlich Ausnahme-Status. Die Umsetzung zeigt uns aber ganz deutlich, dass erst, wenn die n\u00f6tige Hardware zeitlich unbegrenzt verf\u00fcgbar ist, diese Bildungsqualit\u00e4t, diese Methoden und Neuerungen in den Unterricht Einzug finden und den Kindern einen gro\u00dfen Mehrwert bieten.<\/p>\n\n\n\n<p>Aber wie schon erw\u00e4hnt, schaffen wir das selbstredend nur durch die gro\u00dfz\u00fcgige Unterst\u00fctzung von Spenderinnen und Spendern. Wenn Sie die Zwieseltal-Grundschule unterst\u00fctzen m\u00f6chten \u2013 ganz egal in welchem Umfang \u2013, freuen wir uns auf ihre Spende. Wenn Sie ihre Spende zweckgebunden ausrichten m\u00f6chten, informieren wir Sie gerne im Vorfeld, welche Projekte und Aktionen in der Planung sind. Schon jetzt sagen wir im Namen aller Sch\u00fclerinnen und Sch\u00fcler ein herzliches Dankesch\u00f6n!<\/p>\n\n\n\n<p>Unsere Bankdaten: Sparkasse Mittelfranken S\u00fcd \/ IBAN: DE09 7645 0000 0231 3289 80 \/ BIC: BYLADEM1SRS<\/p>\n\n\n\n<p>Als gemeinn\u00fctziger Verein sind wir berechtigt, Zuwendungsbescheinigungen auszustellen. Bitte nennt eure Adresse bei der \u00dcberweisung. Bis zu einem Betrag von 300,00 \u20ac reicht der Kontoauszug als Beleg gegen\u00fcber dem Finanzamt aus.<\/p>\n\n\n\n<p><\/p>\n","protected":false},"excerpt":{"rendered":"<p>Neben der St\u00e4rkung des Zusammenhalts unserer Schulfamilie, was wir u.a. mit dem Kursprogramm umsetzen, ist die finanzielle Unterst\u00fctzung unserer Schule und insbesondere des Schulalltags unserer [&hellip;]<\/p>\n","protected":false},"author":1,"featured_media":309,"parent":0,"menu_order":0,"comment_status":"closed","ping_status":"closed","template":"","meta":{"footnotes":""},"class_list":["post-291","page","type-page","status-publish","has-post-thumbnail","hentry"],"yoast_head":"<!-- This site is optimized with the Yoast SEO plugin v23.4 - https:\/\/yoast.com\/wordpress\/plugins\/seo\/ -->\n<title>Die Spenden - F\u00f6rderverein der Zwieseltal-Grundschule Schwabach eV<\/title>\n<meta name=\"robots\" content=\"index, follow, max-snippet:-1, max-image-preview:large, max-video-preview:-1\" \/>\n<link rel=\"canonical\" href=\"https:\/\/foerderverein-zwieseltal-grundschule.de\/?page_id=291\" \/>\n<meta property=\"og:locale\" content=\"de_DE\" \/>\n<meta property=\"og:type\" content=\"article\" \/>\n<meta property=\"og:title\" content=\"Die Spenden - F\u00f6rderverein der Zwieseltal-Grundschule Schwabach eV\" \/>\n<meta property=\"og:description\" content=\"Neben der St\u00e4rkung des Zusammenhalts unserer Schulfamilie, was wir u.a. mit dem Kursprogramm umsetzen, ist die finanzielle Unterst\u00fctzung unserer Schule und insbesondere des Schulalltags unserer [&hellip;]\" \/>\n<meta property=\"og:url\" content=\"https:\/\/foerderverein-zwieseltal-grundschule.de\/?page_id=291\" \/>\n<meta property=\"og:site_name\" content=\"F\u00f6rderverein der Zwieseltal-Grundschule Schwabach eV\" \/>\n<meta property=\"article:modified_time\" content=\"2024-01-31T07:25:32+00:00\" \/>\n<meta property=\"og:image\" content=\"https:\/\/foerderverein-zwieseltal-grundschule.de\/wp-content\/uploads\/2024\/01\/only-together-we-are-strong-children-hands-are-join-together-white-floor-wall-scaled.jpg\" \/>\n\t<meta property=\"og:image:width\" content=\"2560\" \/>\n\t<meta property=\"og:image:height\" content=\"1707\" \/>\n\t<meta property=\"og:image:type\" content=\"image\/jpeg\" \/>\n<meta name=\"twitter:card\" content=\"summary_large_image\" \/>\n<meta name=\"twitter:label1\" content=\"Gesch\u00e4tzte Lesezeit\" \/>\n\t<meta name=\"twitter:data1\" content=\"2\u00a0Minuten\" \/>\n<script type=\"application\/ld+json\" class=\"yoast-schema-graph\">{\"@context\":\"https:\/\/schema.org\",\"@graph\":[{\"@type\":\"WebPage\",\"@id\":\"https:\/\/foerderverein-zwieseltal-grundschule.de\/?page_id=291\",\"url\":\"https:\/\/foerderverein-zwieseltal-grundschule.de\/?page_id=291\",\"name\":\"Die Spenden - F\u00f6rderverein der Zwieseltal-Grundschule Schwabach eV\",\"isPartOf\":{\"@id\":\"https:\/\/foerderverein-zwieseltal-grundschule.de\/#website\"},\"primaryImageOfPage\":{\"@id\":\"https:\/\/foerderverein-zwieseltal-grundschule.de\/?page_id=291#primaryimage\"},\"image\":{\"@id\":\"https:\/\/foerderverein-zwieseltal-grundschule.de\/?page_id=291#primaryimage\"},\"thumbnailUrl\":\"https:\/\/foerderverein-zwieseltal-grundschule.de\/wp-content\/uploads\/2024\/01\/only-together-we-are-strong-children-hands-are-join-together-white-floor-wall-scaled.jpg\",\"datePublished\":\"2024-01-14T18:02:49+00:00\",\"dateModified\":\"2024-01-31T07:25:32+00:00\",\"breadcrumb\":{\"@id\":\"https:\/\/foerderverein-zwieseltal-grundschule.de\/?page_id=291#breadcrumb\"},\"inLanguage\":\"de\",\"potentialAction\":[{\"@type\":\"ReadAction\",\"target\":[\"https:\/\/foerderverein-zwieseltal-grundschule.de\/?page_id=291\"]}]},{\"@type\":\"ImageObject\",\"inLanguage\":\"de\",\"@id\":\"https:\/\/foerderverein-zwieseltal-grundschule.de\/?page_id=291#primaryimage\",\"url\":\"https:\/\/foerderverein-zwieseltal-grundschule.de\/wp-content\/uploads\/2024\/01\/only-together-we-are-strong-children-hands-are-join-together-white-floor-wall-scaled.jpg\",\"contentUrl\":\"https:\/\/foerderverein-zwieseltal-grundschule.de\/wp-content\/uploads\/2024\/01\/only-together-we-are-strong-children-hands-are-join-together-white-floor-wall-scaled.jpg\",\"width\":2560,\"height\":1707,\"caption\":\"Only together we are strong. Children hands are join together on the white floor background. Coceptual image about friendship, team, childhood, teamwork, support, community, partnership, unity.\"},{\"@type\":\"BreadcrumbList\",\"@id\":\"https:\/\/foerderverein-zwieseltal-grundschule.de\/?page_id=291#breadcrumb\",\"itemListElement\":[{\"@type\":\"ListItem\",\"position\":1,\"name\":\"Startseite\",\"item\":\"https:\/\/foerderverein-zwieseltal-grundschule.de\/\"},{\"@type\":\"ListItem\",\"position\":2,\"name\":\"Die Spenden\"}]},{\"@type\":\"WebSite\",\"@id\":\"https:\/\/foerderverein-zwieseltal-grundschule.de\/#website\",\"url\":\"https:\/\/foerderverein-zwieseltal-grundschule.de\/\",\"name\":\"F\u00f6rderverein der Zwieseltal-Grundschule Schwabach eV\",\"description\":\"\",\"publisher\":{\"@id\":\"https:\/\/foerderverein-zwieseltal-grundschule.de\/#organization\"},\"potentialAction\":[{\"@type\":\"SearchAction\",\"target\":{\"@type\":\"EntryPoint\",\"urlTemplate\":\"https:\/\/foerderverein-zwieseltal-grundschule.de\/?s={search_term_string}\"},\"query-input\":{\"@type\":\"PropertyValueSpecification\",\"valueRequired\":true,\"valueName\":\"search_term_string\"}}],\"inLanguage\":\"de\"},{\"@type\":\"Organization\",\"@id\":\"https:\/\/foerderverein-zwieseltal-grundschule.de\/#organization\",\"name\":\"F\u00f6rderverein der Zwieseltal-Grundschule Schwabach eV\",\"url\":\"https:\/\/foerderverein-zwieseltal-grundschule.de\/\",\"logo\":{\"@type\":\"ImageObject\",\"inLanguage\":\"de\",\"@id\":\"https:\/\/foerderverein-zwieseltal-grundschule.de\/#\/schema\/logo\/image\/\",\"url\":\"https:\/\/foerderverein-zwieseltal-grundschule.de\/wp-content\/uploads\/2024\/01\/Logo-Foerderverein-ohne-Text.jpg\",\"contentUrl\":\"https:\/\/foerderverein-zwieseltal-grundschule.de\/wp-content\/uploads\/2024\/01\/Logo-Foerderverein-ohne-Text.jpg\",\"width\":332,\"height\":166,\"caption\":\"F\u00f6rderverein der Zwieseltal-Grundschule Schwabach eV\"},\"image\":{\"@id\":\"https:\/\/foerderverein-zwieseltal-grundschule.de\/#\/schema\/logo\/image\/\"}}]}<\/script>\n<!-- \/ Yoast SEO plugin. -->","yoast_head_json":{"title":"Die Spenden - F\u00f6rderverein der Zwieseltal-Grundschule Schwabach eV","robots":{"index":"index","follow":"follow","max-snippet":"max-snippet:-1","max-image-preview":"max-image-preview:large","max-video-preview":"max-video-preview:-1"},"canonical":"https:\/\/foerderverein-zwieseltal-grundschule.de\/?page_id=291","og_locale":"de_DE","og_type":"article","og_title":"Die Spenden - F\u00f6rderverein der Zwieseltal-Grundschule Schwabach eV","og_description":"Neben der St\u00e4rkung des Zusammenhalts unserer Schulfamilie, was wir u.a. mit dem Kursprogramm umsetzen, ist die finanzielle Unterst\u00fctzung unserer Schule und insbesondere des Schulalltags unserer [&hellip;]","og_url":"https:\/\/foerderverein-zwieseltal-grundschule.de\/?page_id=291","og_site_name":"F\u00f6rderverein der Zwieseltal-Grundschule Schwabach eV","article_modified_time":"2024-01-31T07:25:32+00:00","og_image":[{"width":2560,"height":1707,"url":"https:\/\/foerderverein-zwieseltal-grundschule.de\/wp-content\/uploads\/2024\/01\/only-together-we-are-strong-children-hands-are-join-together-white-floor-wall-scaled.jpg","type":"image\/jpeg"}],"twitter_card":"summary_large_image","twitter_misc":{"Gesch\u00e4tzte Lesezeit":"2\u00a0Minuten"},"schema":{"@context":"https:\/\/schema.org","@graph":[{"@type":"WebPage","@id":"https:\/\/foerderverein-zwieseltal-grundschule.de\/?page_id=291","url":"https:\/\/foerderverein-zwieseltal-grundschule.de\/?page_id=291","name":"Die Spenden - F\u00f6rderverein der Zwieseltal-Grundschule Schwabach eV","isPartOf":{"@id":"https:\/\/foerderverein-zwieseltal-grundschule.de\/#website"},"primaryImageOfPage":{"@id":"https:\/\/foerderverein-zwieseltal-grundschule.de\/?page_id=291#primaryimage"},"image":{"@id":"https:\/\/foerderverein-zwieseltal-grundschule.de\/?page_id=291#primaryimage"},"thumbnailUrl":"https:\/\/foerderverein-zwieseltal-grundschule.de\/wp-content\/uploads\/2024\/01\/only-together-we-are-strong-children-hands-are-join-together-white-floor-wall-scaled.jpg","datePublished":"2024-01-14T18:02:49+00:00","dateModified":"2024-01-31T07:25:32+00:00","breadcrumb":{"@id":"https:\/\/foerderverein-zwieseltal-grundschule.de\/?page_id=291#breadcrumb"},"inLanguage":"de","potentialAction":[{"@type":"ReadAction","target":["https:\/\/foerderverein-zwieseltal-grundschule.de\/?page_id=291"]}]},{"@type":"ImageObject","inLanguage":"de","@id":"https:\/\/foerderverein-zwieseltal-grundschule.de\/?page_id=291#primaryimage","url":"https:\/\/foerderverein-zwieseltal-grundschule.de\/wp-content\/uploads\/2024\/01\/only-together-we-are-strong-children-hands-are-join-together-white-floor-wall-scaled.jpg","contentUrl":"https:\/\/foerderverein-zwieseltal-grundschule.de\/wp-content\/uploads\/2024\/01\/only-together-we-are-strong-children-hands-are-join-together-white-floor-wall-scaled.jpg","width":2560,"height":1707,"caption":"Only together we are strong. Children hands are join together on the white floor background. Coceptual image about friendship, team, childhood, teamwork, support, community, partnership, unity."},{"@type":"BreadcrumbList","@id":"https:\/\/foerderverein-zwieseltal-grundschule.de\/?page_id=291#breadcrumb","itemListElement":[{"@type":"ListItem","position":1,"name":"Startseite","item":"https:\/\/foerderverein-zwieseltal-grundschule.de\/"},{"@type":"ListItem","position":2,"name":"Die Spenden"}]},{"@type":"WebSite","@id":"https:\/\/foerderverein-zwieseltal-grundschule.de\/#website","url":"https:\/\/foerderverein-zwieseltal-grundschule.de\/","name":"F\u00f6rderverein der Zwieseltal-Grundschule Schwabach eV","description":"","publisher":{"@id":"https:\/\/foerderverein-zwieseltal-grundschule.de\/#organization"},"potentialAction":[{"@type":"SearchAction","target":{"@type":"EntryPoint","urlTemplate":"https:\/\/foerderverein-zwieseltal-grundschule.de\/?s={search_term_string}"},"query-input":{"@type":"PropertyValueSpecification","valueRequired":true,"valueName":"search_term_string"}}],"inLanguage":"de"},{"@type":"Organization","@id":"https:\/\/foerderverein-zwieseltal-grundschule.de\/#organization","name":"F\u00f6rderverein der Zwieseltal-Grundschule Schwabach eV","url":"https:\/\/foerderverein-zwieseltal-grundschule.de\/","logo":{"@type":"ImageObject","inLanguage":"de","@id":"https:\/\/foerderverein-zwieseltal-grundschule.de\/#\/schema\/logo\/image\/","url":"https:\/\/foerderverein-zwieseltal-grundschule.de\/wp-content\/uploads\/2024\/01\/Logo-Foerderverein-ohne-Text.jpg","contentUrl":"https:\/\/foerderverein-zwieseltal-grundschule.de\/wp-content\/uploads\/2024\/01\/Logo-Foerderverein-ohne-Text.jpg","width":332,"height":166,"caption":"F\u00f6rderverein der Zwieseltal-Grundschule Schwabach eV"},"image":{"@id":"https:\/\/foerderverein-zwieseltal-grundschule.de\/#\/schema\/logo\/image\/"}}]}},"jetpack_sharing_enabled":true,"_links":{"self":[{"href":"https:\/\/foerderverein-zwieseltal-grundschule.de\/index.php?rest_route=\/wp\/v2\/pages\/291","targetHints":{"allow":["GET"]}}],"collection":[{"href":"https:\/\/foerderverein-zwieseltal-grundschule.de\/index.php?rest_route=\/wp\/v2\/pages"}],"about":[{"href":"https:\/\/foerderverein-zwieseltal-grundschule.de\/index.php?rest_route=\/wp\/v2\/types\/page"}],"author":[{"embeddable":true,"href":"https:\/\/foerderverein-zwieseltal-grundschule.de\/index.php?rest_route=\/wp\/v2\/users\/1"}],"replies":[{"embeddable":true,"href":"https:\/\/foerderverein-zwieseltal-grundschule.de\/index.php?rest_route=%2Fwp%2Fv2%2Fcomments&post=291"}],"version-history":[{"count":5,"href":"https:\/\/foerderverein-zwieseltal-grundschule.de\/index.php?rest_route=\/wp\/v2\/pages\/291\/revisions"}],"predecessor-version":[{"id":386,"href":"https:\/\/foerderverein-zwieseltal-grundschule.de\/index.php?rest_route=\/wp\/v2\/pages\/291\/revisions\/386"}],"wp:featuredmedia":[{"embeddable":true,"href":"https:\/\/foerderverein-zwieseltal-grundschule.de\/index.php?rest_route=\/wp\/v2\/media\/309"}],"wp:attachment":[{"href":"https:\/\/foerderverein-zwieseltal-grundschule.de\/index.php?rest_route=%2Fwp%2Fv2%2Fmedia&parent=291"}],"curies":[{"name":"wp","href":"https:\/\/api.w.org\/{rel}","templated":true}]}}