{"id":391,"date":"2024-03-07T16:49:29","date_gmt":"2024-03-07T15:49:29","guid":{"rendered":"https:\/\/foerderverein-zwieseltal-grundschule.de\/?page_id=391"},"modified":"2024-03-11T14:37:57","modified_gmt":"2024-03-11T13:37:57","slug":"wir-werden-schulpaten","status":"publish","type":"page","link":"https:\/\/foerderverein-zwieseltal-grundschule.de\/?page_id=391","title":{"rendered":"Wir werden Schulpaten"},"content":{"rendered":"\n<p>Gerne m\u00f6chten wir teil dieses gro\u00dfen Ereignisses werden und sagen unsere Unterst\u00fctzung wie folgt zu:<\/p>\n\n\n\n<div class=\"wpcf7 no-js\" id=\"wpcf7-f395-o1\" lang=\"de-DE\" dir=\"ltr\" data-wpcf7-id=\"395\">\n<div class=\"screen-reader-response\"><p role=\"status\" aria-live=\"polite\" aria-atomic=\"true\"><\/p> <ul><\/ul><\/div>\n<form action=\"\/index.php?rest_route=%2Fwp%2Fv2%2Fpages%2F391#wpcf7-f395-o1\" method=\"post\" class=\"wpcf7-form init\" aria-label=\"Kontaktformular\" novalidate=\"novalidate\" data-status=\"init\">\n<fieldset class=\"hidden-fields-container\"><input type=\"hidden\" name=\"_wpcf7\" value=\"395\" \/><input type=\"hidden\" name=\"_wpcf7_version\" value=\"6.1.5\" \/><input type=\"hidden\" name=\"_wpcf7_locale\" value=\"de_DE\" \/><input type=\"hidden\" name=\"_wpcf7_unit_tag\" value=\"wpcf7-f395-o1\" \/><input type=\"hidden\" name=\"_wpcf7_container_post\" value=\"0\" \/><input type=\"hidden\" name=\"_wpcf7_posted_data_hash\" value=\"\" \/>\n<\/fieldset>\n<p><span class=\"wpcf7-form-control-wrap\" data-name=\"Firma\"><input size=\"40\" maxlength=\"400\" class=\"wpcf7-form-control wpcf7-text\" aria-invalid=\"false\" placeholder=\"Firma\" value=\"\" type=\"text\" name=\"Firma\" \/><\/span>\n<\/p>\n<p><span class=\"wpcf7-form-control-wrap\" data-name=\"Ansprechpartnerin\"><input size=\"40\" maxlength=\"400\" class=\"wpcf7-form-control wpcf7-text wpcf7-validates-as-required\" aria-required=\"true\" aria-invalid=\"false\" placeholder=\"Ansprechpartner*in\" value=\"\" type=\"text\" name=\"Ansprechpartnerin\" \/><\/span>\n<\/p>\n<p><span class=\"wpcf7-form-control-wrap\" data-name=\"Anschrift\"><input size=\"40\" maxlength=\"400\" class=\"wpcf7-form-control wpcf7-text wpcf7-validates-as-required\" aria-required=\"true\" aria-invalid=\"false\" placeholder=\"Anschrift\" value=\"\" type=\"text\" name=\"Anschrift\" \/><\/span>\n<\/p>\n<p><span class=\"wpcf7-form-control-wrap\" data-name=\"tel-864\"><input size=\"40\" maxlength=\"400\" class=\"wpcf7-form-control wpcf7-tel wpcf7-validates-as-required wpcf7-text wpcf7-validates-as-tel\" aria-required=\"true\" aria-invalid=\"false\" placeholder=\"Telefon\" value=\"\" type=\"tel\" name=\"tel-864\" \/><\/span>\n<\/p>\n<p><span class=\"wpcf7-form-control-wrap\" data-name=\"email-45\"><input size=\"40\" maxlength=\"400\" class=\"wpcf7-form-control wpcf7-email wpcf7-validates-as-required wpcf7-text wpcf7-validates-as-email\" aria-required=\"true\" aria-invalid=\"false\" placeholder=\"E-Mail\" value=\"\" type=\"email\" name=\"email-45\" \/><\/span>\n<\/p>\n<p>Wir m\u00f6chten wie folgt unterst\u00fctzen:<br \/>\n<span class=\"wpcf7-form-control-wrap\" data-name=\"menu-337\"><select class=\"wpcf7-form-control wpcf7-select wpcf7-validates-as-required\" aria-required=\"true\" aria-invalid=\"false\" name=\"menu-337\"><option value=\"\">&#8211; Bitte ausw\u00e4hlen &#8211;<\/option><option value=\"Spendenbetrag pro gelaufenen KM einer Klasse\">Spendenbetrag pro gelaufenen KM einer Klasse<\/option><option value=\"Spendenbetrag pro gelaufenen KM einer Jahrgangsstufe\">Spendenbetrag pro gelaufenen KM einer Jahrgangsstufe<\/option><option value=\"Spendenbetrag pro gelaufenen KM der gesamten Grundschule\">Spendenbetrag pro gelaufenen KM der gesamten Grundschule<\/option><option value=\"einem fixen Betrag\">einem fixen Betrag<\/option><\/select><\/span>\n<\/p>\n<p>Unterst\u00fctze Klasse oder Jahrgangsstufe <span class=\"wpcf7-form-control-wrap\" data-name=\"text-915\"><input size=\"40\" maxlength=\"400\" class=\"wpcf7-form-control wpcf7-text\" aria-invalid=\"false\" placeholder=\"Klassen oder Klassenstufe\" value=\"\" type=\"text\" name=\"text-915\" \/><\/span>\n<\/p>\n<p>Spendeneinsatz pro KM: <span class=\"wpcf7-form-control-wrap\" data-name=\"text-419\"><input size=\"40\" maxlength=\"400\" class=\"wpcf7-form-control wpcf7-text\" aria-invalid=\"false\" placeholder=\"0,00\" value=\"\" type=\"text\" name=\"text-419\" \/><\/span> Euro\n<\/p>\n<p>Spendenbetrag pauschal: <span class=\"wpcf7-form-control-wrap\" data-name=\"text-420\"><input size=\"40\" maxlength=\"400\" class=\"wpcf7-form-control wpcf7-text\" aria-invalid=\"false\" placeholder=\"0,00\" value=\"\" type=\"text\" name=\"text-420\" \/><\/span> Euro\n<\/p>\n<p>Ihr Nachricht an uns:<br \/>\n<span class=\"wpcf7-form-control-wrap\" data-name=\"textarea-57\"><textarea cols=\"40\" rows=\"10\" maxlength=\"2000\" class=\"wpcf7-form-control wpcf7-textarea\" aria-invalid=\"false\" name=\"textarea-57\"><\/textarea><\/span>\n<\/p>\n<p>Der F\u00f6rderverein wird sich bzgl. der weiteren Abwicklung mit Ihnen in Verbindung setzten und bedankt sich schon jetzt f\u00fcr ihr gro\u00dfz\u00fcgiges Engagement. Als gemeinn\u00fctzig anerkannte Einrichtung sind wir berechtigt, Zuwendungsbescheinigungen auszustellen. Bis zu einem Betrag in H\u00f6he von 300,00 Euro gen\u00fcgt die Kopie des Bankauszugs zur Vorlage beim Finanzamt.\n<\/p>\n<p><span class=\"wpcf7-form-control-wrap\" data-name=\"checkbox-516\"><span class=\"wpcf7-form-control wpcf7-checkbox wpcf7-validates-as-required\"><span class=\"wpcf7-list-item first last\"><label><input type=\"checkbox\" name=\"checkbox-516[]\" value=\"Mit der Speicherung meiner Daten im Rahmen der Abwicklung zum Spendenlauf bin ich einverstanden.\" \/><span class=\"wpcf7-list-item-label\">Mit der Speicherung meiner Daten im Rahmen der Abwicklung zum Spendenlauf bin ich einverstanden.<\/span><\/label><\/span><\/span><\/span>\n<\/p>\n<p><input class=\"wpcf7-form-control wpcf7-submit has-spinner\" type=\"submit\" value=\"Senden\" \/>\n<\/p><div class=\"wpcf7-response-output\" aria-hidden=\"true\"><\/div>\n<\/form>\n<\/div>\n\n","protected":false},"excerpt":{"rendered":"<p>Gerne m\u00f6chten wir teil dieses gro\u00dfen Ereignisses werden und sagen unsere Unterst\u00fctzung wie folgt zu:<\/p>\n","protected":false},"author":1,"featured_media":305,"parent":23,"menu_order":20,"comment_status":"closed","ping_status":"closed","template":"","meta":{"footnotes":""},"class_list":["post-391","page","type-page","status-publish","has-post-thumbnail","hentry"],"yoast_head":"<!-- This site is optimized with the Yoast SEO plugin v23.4 - https:\/\/yoast.com\/wordpress\/plugins\/seo\/ -->\n<title>Wir werden Schulpaten - F\u00f6rderverein der Zwieseltal-Grundschule Schwabach eV<\/title>\n<meta name=\"robots\" content=\"index, follow, max-snippet:-1, max-image-preview:large, max-video-preview:-1\" \/>\n<link rel=\"canonical\" href=\"https:\/\/foerderverein-zwieseltal-grundschule.de\/?page_id=391\" \/>\n<meta property=\"og:locale\" content=\"de_DE\" \/>\n<meta property=\"og:type\" content=\"article\" \/>\n<meta property=\"og:title\" content=\"Wir werden Schulpaten - F\u00f6rderverein der Zwieseltal-Grundschule Schwabach eV\" \/>\n<meta property=\"og:description\" content=\"Gerne m\u00f6chten wir teil dieses gro\u00dfen Ereignisses werden und sagen unsere Unterst\u00fctzung wie folgt zu:\" \/>\n<meta property=\"og:url\" content=\"https:\/\/foerderverein-zwieseltal-grundschule.de\/?page_id=391\" \/>\n<meta property=\"og:site_name\" content=\"F\u00f6rderverein der Zwieseltal-Grundschule Schwabach eV\" \/>\n<meta property=\"article:modified_time\" content=\"2024-03-11T13:37:57+00:00\" \/>\n<meta property=\"og:image\" content=\"https:\/\/foerderverein-zwieseltal-grundschule.de\/wp-content\/uploads\/2024\/01\/children-holding-hand-group-scaled.jpg\" \/>\n\t<meta property=\"og:image:width\" content=\"2560\" \/>\n\t<meta property=\"og:image:height\" content=\"1440\" \/>\n\t<meta property=\"og:image:type\" content=\"image\/jpeg\" \/>\n<meta name=\"twitter:card\" content=\"summary_large_image\" \/>\n<script type=\"application\/ld+json\" class=\"yoast-schema-graph\">{\"@context\":\"https:\/\/schema.org\",\"@graph\":[{\"@type\":\"WebPage\",\"@id\":\"https:\/\/foerderverein-zwieseltal-grundschule.de\/?page_id=391\",\"url\":\"https:\/\/foerderverein-zwieseltal-grundschule.de\/?page_id=391\",\"name\":\"Wir werden Schulpaten - F\u00f6rderverein der Zwieseltal-Grundschule Schwabach eV\",\"isPartOf\":{\"@id\":\"https:\/\/foerderverein-zwieseltal-grundschule.de\/#website\"},\"primaryImageOfPage\":{\"@id\":\"https:\/\/foerderverein-zwieseltal-grundschule.de\/?page_id=391#primaryimage\"},\"image\":{\"@id\":\"https:\/\/foerderverein-zwieseltal-grundschule.de\/?page_id=391#primaryimage\"},\"thumbnailUrl\":\"https:\/\/foerderverein-zwieseltal-grundschule.de\/wp-content\/uploads\/2024\/01\/children-holding-hand-group-scaled.jpg\",\"datePublished\":\"2024-03-07T15:49:29+00:00\",\"dateModified\":\"2024-03-11T13:37:57+00:00\",\"breadcrumb\":{\"@id\":\"https:\/\/foerderverein-zwieseltal-grundschule.de\/?page_id=391#breadcrumb\"},\"inLanguage\":\"de\",\"potentialAction\":[{\"@type\":\"ReadAction\",\"target\":[\"https:\/\/foerderverein-zwieseltal-grundschule.de\/?page_id=391\"]}]},{\"@type\":\"ImageObject\",\"inLanguage\":\"de\",\"@id\":\"https:\/\/foerderverein-zwieseltal-grundschule.de\/?page_id=391#primaryimage\",\"url\":\"https:\/\/foerderverein-zwieseltal-grundschule.de\/wp-content\/uploads\/2024\/01\/children-holding-hand-group-scaled.jpg\",\"contentUrl\":\"https:\/\/foerderverein-zwieseltal-grundschule.de\/wp-content\/uploads\/2024\/01\/children-holding-hand-group-scaled.jpg\",\"width\":2560,\"height\":1440},{\"@type\":\"BreadcrumbList\",\"@id\":\"https:\/\/foerderverein-zwieseltal-grundschule.de\/?page_id=391#breadcrumb\",\"itemListElement\":[{\"@type\":\"ListItem\",\"position\":1,\"name\":\"Startseite\",\"item\":\"https:\/\/foerderverein-zwieseltal-grundschule.de\/\"},{\"@type\":\"ListItem\",\"position\":2,\"name\":\"Der Spendenlauf\",\"item\":\"https:\/\/foerderverein-zwieseltal-grundschule.de\/?page_id=23\"},{\"@type\":\"ListItem\",\"position\":3,\"name\":\"Wir werden Schulpaten\"}]},{\"@type\":\"WebSite\",\"@id\":\"https:\/\/foerderverein-zwieseltal-grundschule.de\/#website\",\"url\":\"https:\/\/foerderverein-zwieseltal-grundschule.de\/\",\"name\":\"F\u00f6rderverein der Zwieseltal-Grundschule Schwabach eV\",\"description\":\"\",\"publisher\":{\"@id\":\"https:\/\/foerderverein-zwieseltal-grundschule.de\/#organization\"},\"potentialAction\":[{\"@type\":\"SearchAction\",\"target\":{\"@type\":\"EntryPoint\",\"urlTemplate\":\"https:\/\/foerderverein-zwieseltal-grundschule.de\/?s={search_term_string}\"},\"query-input\":{\"@type\":\"PropertyValueSpecification\",\"valueRequired\":true,\"valueName\":\"search_term_string\"}}],\"inLanguage\":\"de\"},{\"@type\":\"Organization\",\"@id\":\"https:\/\/foerderverein-zwieseltal-grundschule.de\/#organization\",\"name\":\"F\u00f6rderverein der Zwieseltal-Grundschule Schwabach eV\",\"url\":\"https:\/\/foerderverein-zwieseltal-grundschule.de\/\",\"logo\":{\"@type\":\"ImageObject\",\"inLanguage\":\"de\",\"@id\":\"https:\/\/foerderverein-zwieseltal-grundschule.de\/#\/schema\/logo\/image\/\",\"url\":\"https:\/\/foerderverein-zwieseltal-grundschule.de\/wp-content\/uploads\/2024\/01\/Logo-Foerderverein-ohne-Text.jpg\",\"contentUrl\":\"https:\/\/foerderverein-zwieseltal-grundschule.de\/wp-content\/uploads\/2024\/01\/Logo-Foerderverein-ohne-Text.jpg\",\"width\":332,\"height\":166,\"caption\":\"F\u00f6rderverein der Zwieseltal-Grundschule Schwabach eV\"},\"image\":{\"@id\":\"https:\/\/foerderverein-zwieseltal-grundschule.de\/#\/schema\/logo\/image\/\"}}]}<\/script>\n<!-- \/ Yoast SEO plugin. -->","yoast_head_json":{"title":"Wir werden Schulpaten - F\u00f6rderverein der Zwieseltal-Grundschule Schwabach eV","robots":{"index":"index","follow":"follow","max-snippet":"max-snippet:-1","max-image-preview":"max-image-preview:large","max-video-preview":"max-video-preview:-1"},"canonical":"https:\/\/foerderverein-zwieseltal-grundschule.de\/?page_id=391","og_locale":"de_DE","og_type":"article","og_title":"Wir werden Schulpaten - F\u00f6rderverein der Zwieseltal-Grundschule Schwabach eV","og_description":"Gerne m\u00f6chten wir teil dieses gro\u00dfen Ereignisses werden und sagen unsere Unterst\u00fctzung wie folgt zu:","og_url":"https:\/\/foerderverein-zwieseltal-grundschule.de\/?page_id=391","og_site_name":"F\u00f6rderverein der Zwieseltal-Grundschule Schwabach eV","article_modified_time":"2024-03-11T13:37:57+00:00","og_image":[{"width":2560,"height":1440,"url":"https:\/\/foerderverein-zwieseltal-grundschule.de\/wp-content\/uploads\/2024\/01\/children-holding-hand-group-scaled.jpg","type":"image\/jpeg"}],"twitter_card":"summary_large_image","schema":{"@context":"https:\/\/schema.org","@graph":[{"@type":"WebPage","@id":"https:\/\/foerderverein-zwieseltal-grundschule.de\/?page_id=391","url":"https:\/\/foerderverein-zwieseltal-grundschule.de\/?page_id=391","name":"Wir werden Schulpaten - F\u00f6rderverein der Zwieseltal-Grundschule Schwabach eV","isPartOf":{"@id":"https:\/\/foerderverein-zwieseltal-grundschule.de\/#website"},"primaryImageOfPage":{"@id":"https:\/\/foerderverein-zwieseltal-grundschule.de\/?page_id=391#primaryimage"},"image":{"@id":"https:\/\/foerderverein-zwieseltal-grundschule.de\/?page_id=391#primaryimage"},"thumbnailUrl":"https:\/\/foerderverein-zwieseltal-grundschule.de\/wp-content\/uploads\/2024\/01\/children-holding-hand-group-scaled.jpg","datePublished":"2024-03-07T15:49:29+00:00","dateModified":"2024-03-11T13:37:57+00:00","breadcrumb":{"@id":"https:\/\/foerderverein-zwieseltal-grundschule.de\/?page_id=391#breadcrumb"},"inLanguage":"de","potentialAction":[{"@type":"ReadAction","target":["https:\/\/foerderverein-zwieseltal-grundschule.de\/?page_id=391"]}]},{"@type":"ImageObject","inLanguage":"de","@id":"https:\/\/foerderverein-zwieseltal-grundschule.de\/?page_id=391#primaryimage","url":"https:\/\/foerderverein-zwieseltal-grundschule.de\/wp-content\/uploads\/2024\/01\/children-holding-hand-group-scaled.jpg","contentUrl":"https:\/\/foerderverein-zwieseltal-grundschule.de\/wp-content\/uploads\/2024\/01\/children-holding-hand-group-scaled.jpg","width":2560,"height":1440},{"@type":"BreadcrumbList","@id":"https:\/\/foerderverein-zwieseltal-grundschule.de\/?page_id=391#breadcrumb","itemListElement":[{"@type":"ListItem","position":1,"name":"Startseite","item":"https:\/\/foerderverein-zwieseltal-grundschule.de\/"},{"@type":"ListItem","position":2,"name":"Der Spendenlauf","item":"https:\/\/foerderverein-zwieseltal-grundschule.de\/?page_id=23"},{"@type":"ListItem","position":3,"name":"Wir werden Schulpaten"}]},{"@type":"WebSite","@id":"https:\/\/foerderverein-zwieseltal-grundschule.de\/#website","url":"https:\/\/foerderverein-zwieseltal-grundschule.de\/","name":"F\u00f6rderverein der Zwieseltal-Grundschule Schwabach eV","description":"","publisher":{"@id":"https:\/\/foerderverein-zwieseltal-grundschule.de\/#organization"},"potentialAction":[{"@type":"SearchAction","target":{"@type":"EntryPoint","urlTemplate":"https:\/\/foerderverein-zwieseltal-grundschule.de\/?s={search_term_string}"},"query-input":{"@type":"PropertyValueSpecification","valueRequired":true,"valueName":"search_term_string"}}],"inLanguage":"de"},{"@type":"Organization","@id":"https:\/\/foerderverein-zwieseltal-grundschule.de\/#organization","name":"F\u00f6rderverein der Zwieseltal-Grundschule Schwabach eV","url":"https:\/\/foerderverein-zwieseltal-grundschule.de\/","logo":{"@type":"ImageObject","inLanguage":"de","@id":"https:\/\/foerderverein-zwieseltal-grundschule.de\/#\/schema\/logo\/image\/","url":"https:\/\/foerderverein-zwieseltal-grundschule.de\/wp-content\/uploads\/2024\/01\/Logo-Foerderverein-ohne-Text.jpg","contentUrl":"https:\/\/foerderverein-zwieseltal-grundschule.de\/wp-content\/uploads\/2024\/01\/Logo-Foerderverein-ohne-Text.jpg","width":332,"height":166,"caption":"F\u00f6rderverein der Zwieseltal-Grundschule Schwabach eV"},"image":{"@id":"https:\/\/foerderverein-zwieseltal-grundschule.de\/#\/schema\/logo\/image\/"}}]}},"jetpack_sharing_enabled":true,"_links":{"self":[{"href":"https:\/\/foerderverein-zwieseltal-grundschule.de\/index.php?rest_route=\/wp\/v2\/pages\/391","targetHints":{"allow":["GET"]}}],"collection":[{"href":"https:\/\/foerderverein-zwieseltal-grundschule.de\/index.php?rest_route=\/wp\/v2\/pages"}],"about":[{"href":"https:\/\/foerderverein-zwieseltal-grundschule.de\/index.php?rest_route=\/wp\/v2\/types\/page"}],"author":[{"embeddable":true,"href":"https:\/\/foerderverein-zwieseltal-grundschule.de\/index.php?rest_route=\/wp\/v2\/users\/1"}],"replies":[{"embeddable":true,"href":"https:\/\/foerderverein-zwieseltal-grundschule.de\/index.php?rest_route=%2Fwp%2Fv2%2Fcomments&post=391"}],"version-history":[{"count":2,"href":"https:\/\/foerderverein-zwieseltal-grundschule.de\/index.php?rest_route=\/wp\/v2\/pages\/391\/revisions"}],"predecessor-version":[{"id":396,"href":"https:\/\/foerderverein-zwieseltal-grundschule.de\/index.php?rest_route=\/wp\/v2\/pages\/391\/revisions\/396"}],"up":[{"embeddable":true,"href":"https:\/\/foerderverein-zwieseltal-grundschule.de\/index.php?rest_route=\/wp\/v2\/pages\/23"}],"wp:featuredmedia":[{"embeddable":true,"href":"https:\/\/foerderverein-zwieseltal-grundschule.de\/index.php?rest_route=\/wp\/v2\/media\/305"}],"wp:attachment":[{"href":"https:\/\/foerderverein-zwieseltal-grundschule.de\/index.php?rest_route=%2Fwp%2Fv2%2Fmedia&parent=391"}],"curies":[{"name":"wp","href":"https:\/\/api.w.org\/{rel}","templated":true}]}}